 - 7 - -6)?
-5
3 - (-7 - -3) - 11
-4
What is the value of (-2 + -4 - -3) + (2 - -3)?
2
Calculate 4 + 2 + (-3 - (4 - 5)).
4
11 + -4 - 2 - (6 + 1)
-2
What is the value of (-7 - -3) + (0 - -3)?
-1
What is (17 - (1 + 11)) + -1 + -2?
2
What is the value of (1 - 6) + (125 - 116)?
4
8 + -7 + 0 + 1 - -8
10
What is (9 - 13) + (-4 - 3)?
-11
What is -9 + (8 - -3) - (6 - 3)?
-1
Evaluate 3 - (3 + (5 - 7) + -4).
6
What is -3 - (5 + -1 - (-1 + 8))?
0
-4 + (8 - 1) + -3 + 0
0
Evaluate 6 + 7 + -17 - (4 - 2).
-6
Evaluate -1 + 2 + -1 + (9 - 4).
5
What is the value of (-4 + -2 - -3) + 0 + 2?
-1
What is the value of -26 + 31 - (2 + -2 - -2)?
3
(-2 + 2 - (0 - 7)) + -3
4
1 + -2 + -5 + 0
-6
What is 6 + -11 + -1 + 6?
0
Evaluate (-1 - -2 - 0) + -2.
-1
Calculate -5 + 4 + 0 + 0.
-1
Calculate (-17 - -6) + 6 + 11 - 2.
4
Evaluate -66 - -74 - (1 - -5).
2
Evaluate 3 - (0 - -1 - 3 - -3).
2
Calculate 2 + (-4 - -4 - 1) + -4.
-3
What is -12 - (-10 + -5 - -7)?
-4
Calculate -14 + 14 - (1 + -8).
7
Calculate -1 + 2 - (4 + -3) - 3.
-3
What is -5 + 10 + (-2 - -1 - -5)?
9
-2 + 2 + -3 + -3 + 1
-5
What is the value of (12 - (2 - (-5 - -2))) + -2?
5
What is -22 + -3 + 12 + 6?
-7
What is (5 - -7) + -4 - 4?
4
What is the value of 32 - 27 - (3 - 0)?
2
What is the value of (-12 - -25) + (-2 - (1 - -3))?
7
Evaluate 5 + 9 + -25 + 6.
-5
Evaluate 4 + (-4 - -5) + -5.
0
What is (7 + (2 - 2) - 3) + -3?
1
0 + 0 + 1 + (-8 - -7)
0
What is 3 + 4 - (11 + (-15 - -10))?
1
(-22 - 0) + -125 + 136
-11
What is the value of 4 + -1 + -5 + 0 + 5?
3
What is the value of -3 - -5 - (-3 + 4 - -3)?
-2
Evaluate (1 - (3 + 4)) + 10 + -11.
-7
What is the value of -18 - -10 - (5 + -6) - 2?
-9
-1 - 3 - -5 - (1 + -4)
4
What is -6 + 4 - (2 + 0)?
-4
What is (5 - 1) + (0 - -1) + -5?
0
What is -9 + (6 - 9) + 18?
6
What is the value of 3 + -4 + -2 - -3?
0
Calculate (12 - 6) + -12 + (3 - 0).
-3
Evaluate 5 + (5 - 9 - 7) + 6.
0
(0 + 0 - -2) + (3 - -1)
6
(-1 - (-6 - -3)) + (0 - 0)
2
What is 17 + -20 + (-2 - -9)?
4
What is (-15 - 0) + 54 + -46?
-7
What is 1 + 0 + (0 - 6)?
-5
Calculate 11 + (-5 - 0) - 2 - 0.
4
What is the value of 4 + (-3 - -3) + -3?
1
1 - 2 - (36 - 36)
-1
What is the value of (2 + -3 - -1) + 3?
3
What is the value of (8 - 1) + 6 + -11?
2
Calculate (2 - (-6 + 19)) + (3 - 0).
-8
What is the value of -3 + 9 + -3 + -10?
-7
What is the value of -4 + (-3 - (4 + -9)) - 3?
-5
What is the value of (3 - -1) + (-1 - 0)?
3
What is the value of 15 - 12 - ((2 - 6) + 2)?
5
Calculate -3 + (-1 - (1 - -2) - -7).
0
Calculate 4 - (8 - (-6 + 19)).
9
(-3 - -2) + -2 + 3 + -7
-7
3 + 2 + -1 - (-94 - -91)
7
What is -2 + 2 - (1 + -4 + -2)?
5
What is 6 - (-1 - (-8 - -2))?
1
Evaluate (-7 + 0 - -3) + (-1 - -7).
2
(1 - (-5 - (-5 - 4))) + -3
-6
Calculate (-2 - (-6 + 5)) + -7 + 2.
-6
Evaluate (-7 + 12 - 17) + 10.
-2
What is the value of (-9 - (9 + -13)) + (1 - 2)?
-6
What is the value of 4 + -8 - 0 - (1 + -4)?
-1
What is the value of 9 - 2 - (5 + -6) - 5?
3
Calculate 12 - 16 - (-9 + -1).
6
What is the value of 4 + -5 + -6 + 11?
4
What is the value of (69 - 72) + (2 - -1)?
0
What is -4 - (-4 - (-12 - -8)) - -14?
10
What is the value of 1 + -1 + -2 + 0?
-2
Evaluate -2 + 6 - (-14 - -9).
9
(-8 - -3) + 6 + -6 + 3
-2
Calculate 6 + (-1 - (10 + (7 - 4))).
-8
What is -4 + (5 - 5) + 8?
4
Evaluate 4 - ((1 - -2 - 3) + 1).
3
(10 - (0 - -4)) + -1
5
(-4 + (-2 - -6) - 1) + 2
1
(6 - 5) + -6 + 7 + -4
-2
Calculate (-1 - 12 - -23) + -12.
-2
Calculate (5 + (-3 - -7) - 2) + -5.
2
What is the value of (-5 - -8) + 3 - 6?
0
What is the value of -9 + 8 - (-2 + -1)?
2
What is the value of (12 - (24 - 12)) + -10?
-10
-9 + 10 + (3 - 4)
0
Evaluate -6 + (-6 - -15) - 8.
-5
5 + (-5 - (0 - -2)) - -5
3
Calculate (-5 - -2 - (-6 + 0)) + 0.
3
What is the value of 15 + -7 - 8 - 0?
0
What is the value of (18 - 11) + (0 - 9)?
-2
Calculate 3 + (2 - 3) + 5 + -10.
-3
What is the value of 1 - ((4 - 1) + -22 + 15)?
5
What is the value of (11 + -4 + -2 - -1) + -5?
1
Evaluate 1 + (3 - 6) + 5.
3
What is the value of 6 + (1 - 2) - 6?
-1
What is the value of 4 + (-8 - (2 + -5))?
-1
What is 3 - 5 - -3 - 3?
-2
What is the value of 6 + 0 + (-4 - 2)?
0
What is -5 + -5 - (-12 - -1)?
1
What is (-1 - (0 - 5)) + -137 + 135?
2
What is the value of 1 - -5 - (-43 - -48)?
1
Calculate 2 - 1 - (-37 + 31).
7
Evaluate -7 + (0 - -4) - 1.
-4
Evaluate 1 + -1 + 2 + -2 + 6.
6
(-6 - 8) + 6 + 7 - -7
6
Evaluate -4 + (3 - 5) + 3.
-3
What is (-1 + 5 - (-13 + 9)) + 0?
8
Evaluate 3 + 1 + -27 + 26 - 7.
-4
2 + (2 - (5 + 1)) + 2
0
-2 - (-5 + 3 - -2)
-2
What is the value of 7 + -7 + 5 + -2?
3
Calculate -2 - (-1 - (2 - 3)).
-2
What is the value of 2 - (6 + 7 + -12)?
1
Calculate 0 + (2 - (-1 - -1)) - 5.
-3
Evaluate -2 - (40 + -42 + (1 - 8)).
7
Calculate -4 - (11 + (9 - 26)).
2
Evaluate -5 - (-2 - -7) - (-12 + 6).
-4
Evaluate -9 + 3 + -6 + 8 + 7.
3
What is the value of 22 + -11 - (2 - -4)?
5
-1 + (-7 - (-6 + 3)) + 6
1
What is -2 + (0 - 3) - -2?
-3
5 + -2 + -9 + 4
-2
Calculate (-30 - -31) + (-1 - 5).
-5
What is the value of 7 - 2 - (5 + 3)?
-3
Evaluate (2 + -4 - -6) + (2 - 2).
4
Evaluate 8 + -7 + 0 + (-1 - 6).
-6
Evaluate 0 - (3 - 1 - -1) - -2.
-1
What is -6 + -5 + 7 + -1 + -1?
-6
What is the value of 15 + 0 + -91 + 71?
-5
What is -3 + 8 + (0 - 2)?
3
43 + -41 + 2 + (-7 - -2)
-1
What is the value of -1 + 3 + -3 - 3?
-4
(-1 + -7 - -9) + -7
-6
Evaluate 7 + (-2 - (-6 + 9)).
2
What is 8 + (-6 - (5 - 7))?
4
What is -8 + 7 + -1 - -8 - 13?
-7
Evaluate -4 - -5 - (-4 + 5 + 1).
-1
What is the value of 20 + -21 - (6 - -3)?
-10
Calculate (-16 - (-1 - 0)) + 9 + -2.
-8
Calculate -1 - (4 + -3 + -8 - -2).
4
0 - 0 - (19 - 14)
-5
-7 + 9 + -1 + (1 - 6)
-4
Evaluate 1 + -1 - (0 - (-2 - 1)).
-3
What is (-1 - (2 + -4)) + -4?
-3
What is the value of 9 + (6 + -8 - 6)?
1
Calculate -6 - (0 + (2 - -2) + -10).
0
(0 - 6) + 10 + -6
-2
What is the value of 1 - (-2 - -3 - 1)?
1
What is the value of 6 + (-5 - (0 - (5 + -2)))?
4
Evaluate (-554 - -559) + (-5 - 1 - 0).
-1
What is 7 + 0 + -10 + 1 + -1?
-3
(1 + -1 - 3) + -2 - 1
-6
What is -2 - (1 + (-5 - (2 - 2)))?
2
Calculate 0 + (1 - (-2 + 0) - 5).
-2
6 - 3 - 0 - (4 - 9)
8
What is the value of -6 + 17 + (-1 - 17)?
-7
What is 8 - 5 - (3 + 0)?
0
What is 4 - ((2 - 2 - 1) + 3)?
2
1 + 0 - (-25 - -33)
-7
What is (125 - 130) + (0 - -11)?
6
What is 1 + 1 + (-2 - -3)?
3
Calculate -5 + (-1 - -3 - 0).
-3
(4 - 1) + -3 + 1
1
What is 4 + -1 - (0 - 0 - 2)?
5
Calculate (1 - 5) + (5 - (-9 + 15)).
-5
-2 + 0 + 36 + -35
-1
What is the value of -3 - (-1 - (9 + -11))?
-4
Evaluate (-9 + 5 - -4) + (-4 - -9).
5
What is -7 - (-2 - 3 - (-3 + 0))?
-5
(-1 - (2 - 3)) + 2
2
Evaluate -1 + -2 - (3 - (0 - -2)).
-4
What is the value of -7 - (-7 - -6) - -7?
1
Evaluate -4 + -1 - (0 + -4) - 5.
-6
(-4 + 8 - -1) + -2
3
What is the value of (6 - 11 - -2) + -1?
-4
-2 + (7 - -1) + (24 - 23)
7
What is (-14 - -8) + (7 - (-1 - 2))?
4
-3 + -3 + 1 + (1 - 1)
-5
Calculate (8 - 10) + 3 + -4.
-3
What is the value of 9 + -13 - (-4 - 0) - 0?
0
What is -5 + 8 + -4 + 1 - 0?
0
Evaluate (16 - 5) + -5 + 0 + 3.
9
Evaluate 0 - (-6 - -2) - (1 + 2).
1
What is the value of (14 - -3) + -15 + -12?
-10
What is 4 + (-1 - 1) - (3 - -3)?
-4
What is (-2 + 5 - -1) + 14 + -11?
7
Evaluate -11 - (3 + -11 + 2).
-5
6 - 1 - (60 - 53)
-2
Calculate 2 + (2 + -5 - -4) + 2.
5
What is the value of -1 + 1 + -1 - 3?
-4
Evaluate 3 - (3 - 2) - (1 - -6).
-5
Evaluate 3 + -5 + 1 + 5 + -1.
3
What is the value of (5 + 0 - 5) + -2?
-2
-1 + -1 + 4 + -1
1
What is 6 - 5 - (-8 - -12)?
-3
Calculate -1 - (-9 - -3) - 2.
3
What is 0 - -8 - (2 + 3)?
3
Calculate -8 - (3 - (9 + 0)).
-2
What is the value of -11 - -8 - (2 - 1)?
-4
What is the value of -22 + 18 + (2 - 6)?
-8
What is the value of (-5 + (5 - -4) - 4) + -4?
-4
What is 1 - 5 - -4 - (4 + -3)?
-1
Evaluate 4 - (1 - 2) - (23 - 19).
1
Evaluate -11 + 18 + 3 - 12.
-2
Evaluate 2 + (-2 + 1 - 2).
-1
What is the value of 6 + (-5 - (4 + 1 + -5))?
1
What is (-2 - -18) + -10 + 2?
8
What is the value of -2 + 3 + -1 + -38 + 44?
6
What is the value of (0 - 5) + -14 + 27 + -16?
-8
What is 3 + 3 - (-5 - -7 - -9)?
-5
Evaluate -6 + (-6 - (-23 - -7)).
4
What is the value of -2 - 0 - (-5 + -2 + 7)?
-2
Calculate 2 + -3 + 8 + (30 - 35).
2
Evaluate 3 + (-4 - -8) - 12.
-5
Calculate 8 + -8 + -1 + 7.
6
Evaluate 13 - 9 - (1 - -2) - 1.
0
4 + -1 + 1 + 2 + -2
4
Evaluate -28 + 16 + (6 - 0).
-6
Ca